undred thousands digit of 1331051?
3
What is the tens digit of 1273439?
3
What is the hundreds digit of 1550281?
2
What is the ten thousands digit of 631824?
3
What is the units digit of 20206076?
6
What is the units digit of 666806?
6
What is the thousands digit of 1171691?
1
What is the ten thousands digit of 246869?
4
What is the hundreds digit of 21304?
3
What is the thousands digit of 1275596?
5
What is the hundred thousands digit of 205114?
2
What is the units digit of 435812?
2
What is the thousands digit of 217499?
7
What is the hundred thousands digit of 197202?
1
What is the units digit of 4021262?
2
What is the thousands digit of 92695?
2
What is the tens digit of 3710788?
8
What is the thousands digit of 79399?
9
What is the thousands digit of 4263922?
3
What is the ten thousands digit of 39600056?
0
What is the hundred thousands digit of 19750056?
7
What is the hundred thousands digit of 9059421?
0
What is the thousands digit of 12927690?
7
What is the thousands digit of 1156876?
6
What is the units digit of 210439?
9
What is the hundreds digit of 27902?
9
What is the units digit of 1755232?
2
What is the hundreds digit of 977593?
5
What is the units digit of 1427?
7
What is the thousands digit of 1944155?
4
What is the ten thousands digit of 20245077?
4
What is the thousands digit of 34841156?
1
What is the thousands digit of 456283?
6
What is the tens digit of 1333404?
0
What is the ten thousands digit of 2544790?
4
What is the tens digit of 2228882?
8
What is the millions digit of 3709699?
3
What is the units digit of 804078?
8
What is the units digit of 105539?
9
What is the units digit of 14258853?
3
What is the units digit of 492162?
2
What is the hundreds digit of 1130785?
7
What is the hundred thousands digit of 3707311?
7
What is the units digit of 223218?
8
What is the ten thousands digit of 126322?
2
What is the hundred thousands digit of 131223?
1
What is the tens digit of 28604?
0
What is the thousands digit of 10624386?
4
What is the units digit of 758459?
9
What is the hundred thousands digit of 191509?
1
What is the hundred thousands digit of 3046405?
0
What is the ten thousands digit of 662199?
6
What is the millions digit of 4598255?
4
What is the ten thousands digit of 798174?
9
What is the ten thousands digit of 1532978?
3
What is the tens digit of 2513270?
7
What is the ten millions digit of 10725615?
1
What is the hundred thousands digit of 11017154?
0
What is the hundreds digit of 13130621?
6
What is the thousands digit of 12116075?
6
What is the tens digit of 641261?
6
What is the units digit of 14724649?
9
What is the ten millions digit of 14256120?
1
What is the units digit of 6155389?
9
What is the thousands digit of 1459342?
9
What is the tens digit of 81397?
9
What is the tens digit of 441768?
6
What is the hundreds digit of 2464676?
6
What is the ten thousands digit of 4003805?
0
What is the millions digit of 2982293?
2
What is the thousands digit of 996181?
6
What is the units digit of 6127266?
6
What is the units digit of 263422?
2
What is the hundreds digit of 2490043?
0
What is the hundred thousands digit of 478602?
4
What is the millions digit of 7320818?
7
What is the units digit of 6366040?
0
What is the hundred thousands digit of 1164824?
1
What is the hundred thousands digit of 1703512?
7
What is the hundred thousands digit of 9708176?
7
What is the thousands digit of 953585?
3
What is the units digit of 7077023?
3
What is the hundreds digit of 9556991?
9
What is the ten millions digit of 11864094?
1
What is the ten thousands digit of 218198?
1
What is the millions digit of 9806761?
9
What is the ten thousands digit of 1315008?
1
What is the ten thousands digit of 264483?
6
What is the hundred thousands digit of 1528700?
5
What is the tens digit of 443081?
8
What is the ten thousands digit of 132177?
3
What is the thousands digit of 959391?
9
What is the thousands digit of 3834499?
4
What is the hundreds digit of 23899200?
2
What is the thousands digit of 781374?
1
What is the tens digit of 2640?
4
What is the thousands digit of 178471?
8
What is the ten thousands digit of 1413439?
1
What is the thousands digit of 2041794?
1
What is the units digit of 2256525?
5
What is the units digit of 187928?
8
What is the units digit of 95754?
4
What is the ten thousands digit of 309726?
0
What is the ten thousands digit of 24000619?
0
What is the hundreds digit of 1858428?
4
What is the hundred thousands digit of 177002?
1
What is the ten thousands digit of 191975?
9
What is the tens digit of 376963?
6
What is the tens digit of 88431?
3
What is the hundreds digit of 108677?
6
What is the tens digit of 157421?
2
What is the hundreds digit of 775410?
4
What is the ten thousands digit of 221328?
2
What is the hundreds digit of 8146983?
9
What is the thousands digit of 2595519?
5
What is the ten millions digit of 20506667?
2
What is the hundreds digit of 25981?
9
What is the hundreds digit of 5880438?
4
What is the hundreds digit of 136109?
1
What is the units digit of 410027?
7
What is the hundred thousands digit of 929628?
9
What is the ten thousands digit of 1417215?
1
What is the thousands digit of 1621542?
1
What is the ten thousands digit of 263631?
6
What is the hundreds digit of 516952?
9
What is the thousands digit of 98469?
8
What is the hundreds digit of 142823?
8
What is the thousands digit of 139565?
9
What is the millions digit of 1290675?
1
What is the tens digit of 267108?
0
What is the ten thousands digit of 1339624?
3
What is the millions digit of 2761809?
2
What is the thousands digit of 944642?
4
What is the thousands digit of 482585?
2
What is the ten thousands digit of 6951512?
5
What is the hundreds digit of 4357360?
3
What is the ten millions digit of 16394565?
1
What is the ten thousands digit of 686712?
8
What is the hundred thousands digit of 910185?
9
What is the hundreds digit of 460177?
1
What is the tens digit of 68111?
1
What is the tens digit of 12087069?
6
What is the hundred thousands digit of 1361174?
3
What is the hundred thousands digit of 199976?
1
What is the tens digit of 88907?
0
What is the ten thousands digit of 24491?
2
What is the tens digit of 3918063?
6
What is the ten thousands digit of 16815072?
1
What is the units digit of 15397491?
1
What is the hundreds digit of 2862002?
0
What is the hundreds digit of 8497683?
6
What is the hundred thousands digit of 1705113?
7
What is the hundred thousands digit of 208168?
2
What is the thousands digit of 3615286?
5
What is the thousands digit of 2744647?
4
What is the hundred thousands digit of 2848741?
8
What is the hundred thousands digit of 4181616?
1
What is the hundreds digit of 11086909?
9
What is the ten thousands digit of 14496082?
9
What is the hundreds digit of 365712?
7
What is the units digit of 3242645?
5
What is the hundred thousands digit of 2843768?
8
What is the hundred thousands digit of 436103?
4
What is the thousands digit of 14605?
4
What is the hundreds digit of 965524?
5
What is the hundred thousands digit of 1114741?
1
What is the thousands digit of 140115?
0
What is the units digit of 8125168?
8
What is the hundreds digit of 33118768?
7
What is the units digit of 355388?
8
What is the hundreds digit of 10213303?
3
What is the tens digit of 172354?
5
What is the thousands digit of 6663?
6
What is the hundreds digit of 8684141?
1
What is the hundred thousands digit of 803660?
8
What is the hundreds digit of 5340?
3
What is the ten thousands digit of 475265?
7
What is the millions digit of 9991381?
9
What is the hundred thousands digit of 1353908?
3
What is the tens digit of 18268826?
2
What is the hundreds digit of 4627968?
9
What is the hundreds digit of 455678?
6
What is the thousands digit of 3178436?
8
What is the ten thousands digit of 12789368?
8
What is the units digit of 21487930?
0
What is the hundred thousands digit of 17386807?
3
What is the tens digit of 30461?
6
What is the millions digit of 14717919?
4
What is the hundreds digit of 2615771?
7
What is the hundred thousands digit of 539788?
5
What is the units digit of 1284181?
1
What is the hundred thousands digit of 1281009?
2
What is the thousands digit of 30163011?
3
What is the thousands digit of 358755?
8
What is the thousa